he hundreds digit of o?
9
Let b = -121 - -121. Suppose l + 5*f = -3 - 4, b = -l + f + 5. Let q(n) = 4*n**3 - 3*n**2 + 2*n + 4. What is the tens digit of q(l)?
9
Let s(w) = -w**2 + 263*w - 250. What is the tens digit of s(85)?
8
Let z = 9 + 10. Suppose l - 13 = -5*h, 2*h + 5*l + z = 5*h. Suppose -2*a - 3*a + 4*c + 96 = 0, -12 = h*c. What is the tens digit of a?
1
What is the hundreds digit of 192255/28 - (4/(-16) - 4/(-8))?
8
Let x = -148 + 4663. What is the tens digit of x?
1
Suppose -3*i - 3*q = 901 - 3988, 0 = 5*i + q - 5145. Let k = 286 + i. What is the thousands digit of k?
1
Suppose 0 = -3*y - 2*c + 14 - 2, 0 = 5*y + 4*c - 18. Suppose -5*g - 2*h = -y*h - 333, -339 = -5*g + 2*h. Let n = g + -1. What is the tens digit of n?
6
Suppose 0 = 122*m - 62171 - 106406 - 316983. What is the units digit of m?
0
Suppose -38*v = 15*v - 881231. What is the hundreds digit of v?
6
Let s = -2310 + 15333. What is the hundreds digit of s?
0
Suppose 18*o = 15*o + 8118. Suppose -w + 1809 = -0*j + 2*j, -o = -3*j + w. Suppose m + j = 8*m. What is the hundreds digit of m?
1
Let m(y) = 4*y - 17. Let i be m(5). Suppose 2*t = -i*z + 3*t + 29, -4*t = -5*z + 53. What is the units digit of z?
9
Let a(w) = -148*w**2 - 108*w - 4. Let g be a(3). Let m = g - -3047. What is the thousands digit of m?
1
Let u be 2 + ((-13362)/(-21) - 2/7). Suppose 0 = v + 5*o - u, -1777 = -2*v - 2*o - 541. What is the tens digit of v?
1
Let a = 210 + -1468. Let p = -7 - a. What is the units digit of p?
1
Let x be 746 - (-4 + (-3 - -10)). Let b = -307 + x. What is the hundreds digit of b?
4
Let o = -27 - -27. Suppose 0 = -m - m - o*m. Let a(d) = d + 76. What is the units digit of a(m)?
6
Let r(m) = m**2 + 27*m + 69. Let u(z) = 2*z - 1. Let g(v) = -r(v) + 4*u(v). What is the units digit of g(-12)?
1
Let w(n) = 28*n - 3*n**2 + 0*n**2 - 7 + 0*n**2 + 20*n - 10*n. What is the tens digit of w(12)?
1
Let v be 3/15 + (-64460)/50. Let l = -157 - v. What is the hundreds digit of l?
1
Let n = 287 - 261. Let d be 230/8 + 2/8. Let r = d + n. What is the units digit of r?
5
Let g(x) = 23*x - 2. Let s be g(1). Suppose -3*u - 22 - 6 = -4*z, s = 3*z + 2*u. Suppose -8*b = z*b - 1245. What is the units digit of b?
3
Let x = -1333 + 2356. Let q = -590 + x. What is the units digit of q?
3
Let t = 2412 - -14608. What is the tens digit of t?
2
Suppose h - 2*h + 2*n = 28, -h - n - 43 = 0. Let k be ((-4)/(16/h))/(4/(-8)). Let j = -2 - k. What is the units digit of j?
7
Let i be -4 + (2 - 3) - (-63 - -60). What is the units digit of (157416/(-252))/(1/(3/i))?
7
What is the units digit of (-306)/(-9)*(9 + 233)?
8
Let f = -595 - -590. Let g(d) = -11*d**3 - 3*d**2 + 6*d - 2. What is the tens digit of g(f)?
6
Suppose -3*u + 3*y = -22532 + 1328, 5*y = 3*u - 21216. What is the thousands digit of u?
7
Let q = -53366 + 91317. What is the tens digit of q?
5
Suppose 3*k - 3 - 3 = 0. Suppose -m + 3 = k*s, 2*s + 2 = -3*m + m. Let q = 134 + s. What is the hundreds digit of q?
1
Let x(h) = 6*h + 5. Let s(l) = -8*l - 5. Let u(r) = -5*s(r) - 6*x(r). What is the tens digit of u(4)?
1
Let y = 30 - 34. Let w be (1 - 6/y)*2. Suppose -j - 5*m + 33 = 0, -4*j + 143 = w*m - 49. What is the tens digit of j?
5
Let m(d) = 6*d + d**2 - 2*d**2 + 3 - 1. Let q be m(6). Suppose 0*i - q*i = -114. What is the units digit of i?
7
Let z = 14720 + -3014. What is the tens digit of z?
0
Let k be -1 - (-2 + 3) - (-2135)/7. Let u(w) = -14*w + 2. Let o be u(-15). Let b = k - o. What is the units digit of b?
1
Suppose k + 5*n - 203 = 0, -2*k + 5*n + 309 = -97. Let b = k - 103. What is the units digit of b?
0
Let m = 2497 - -5844. What is the hundreds digit of m?
3
Suppose 0 = -4*t + 2*o + 211384, 2*o + 264227 = -100*t + 105*t. What is the units digit of t?
3
Let j = 6215 + -2899. What is the tens digit of j?
1
Let j(g) be the second derivative of g**5/20 + 2*g**4/3 - 3*g**3/2 - 3*g**2/2 - 23*g. What is the units digit of j(-7)?
9
Suppose 0 = 18*w - 15*w - 2283. Suppose 106 = 3*u + 3*i - w, 1449 = 5*u + i. What is the units digit of u?
0
Let a(w) = -1004*w - 5447. What is the tens digit of a(-23)?
4
Suppose -2*w + s = -28, -5*w - 2*s + 73 = -3*s. Suppose 3456 = h + w*h. What is the tens digit of h?
1
Let k(t) = -13 + 9 - 71*t**3 + 4*t + 72*t**3. What is the hundreds digit of k(6)?
2
Let o(w) = 0 - 6 - 10*w + 5. Let c be o(8). Let s = c - -141. What is the units digit of s?
0
Let h be (3/18*6)/(2/8). Suppose -6*f - 2 = h. What is the units digit of -226*(f/(-2) + -1)?
3
Suppose -49*g - 20 = 43*g - 96*g. Let o(d) = 5*d**2 + 3*d + 2. Let k be o(5). Let h = k + g. What is the units digit of h?
7
Suppose 40 = -2*k + 24. Suppose -98 = 2*z + 224. Let i = k - z. What is the tens digit of i?
5
Suppose -3*q = 5*j - 133715, -2*j + 9168 = q - 44319. What is the ten thousands digit of j?
2
Let a(o) = -2*o**3 - 9*o**2 + 44*o - 12. Let i be a(6). Let r = i + 571. What is the tens digit of r?
6
Let b(z) = -14*z - 5. Let s be b(3). Let q = s - -1085. What is the units digit of q?
8
Let h(l) = 2*l**2 - 16*l + 543. What is the ten thousands digit of h(-75)?
1
Let x be (-4)/22 - ((-79)/11)/1. Suppose x*d - 6*d = 295. What is the tens digit of d?
9
Let n(y) = -37*y + 13019. What is the hundreds digit of n(-179)?
6
Let q = 3237 - -18711. What is the thousands digit of q?
1
Let h be 45/21 - (-2)/(-14). Suppose -3*u - 184 = h*x - 2, 68 = -u + 3*x. What is the tens digit of (u/(-4))/(-1)*-2?
3
Let a(i) = -1757*i - 705. What is the thousands digit of a(-2)?
2
Suppose 2*d - 3*d - 228 = 0. Let j = d - -540. What is the hundreds digit of j?
3
Let c be 4 + ((-12)/(2 + 1))/(-1). Suppose 0 = q + m - 589, -m + c = 13. What is the units digit of q?
4
Suppose 0 = -17*i + 18*i - 10. Let n(f) = f - 25. Let o be n(i). Let w(c) = -c**2 - 18*c - 5. What is the units digit of w(o)?
0
Suppose 90 = -3*i - 3*h, 2*h + 85 = -5*i - 59. Let k be (-7)/i - (-7)/4. Suppose -4*d - d = -5*x + 755, d = -k. What is the units digit of x?
9
Let l = 69 + -67. Let v be 0 - ((-391)/1 + l). Suppose 2*i + v = 4*i - 5*g, 0 = -i + 4*g + 202. What is the hundreds digit of i?
1
Let d = 127 + -83. Let i = 55 - d. What is the units digit of ((3 - (2 - 1)) + i)*5?
5
What is the ten thousands digit of -19 - (-7 + 14 - 13576)?
1
Let t(i) = -i**2 - 23*i + 53. Let n be t(-25). What is the tens digit of (938/4)/(n/6)?
6
Let y be (-2)/(-5) - 15664/120*-3. What is the hundreds digit of ((y - -1) + -4)*(-2 - -3)?
3
Suppose 54*q - 5*o - 8633 = 51*q, -2*o + 14440 = 5*q. What is the units digit of q?
6
Suppose 3*n = 5*u - 20, 5*n + 4*u + 52 = -6. Let m = n - -155. What is the hundreds digit of m?
1
What is the tens digit of ((-767)/26 + 28)*8*139/(-3)?
5
Let v be (-138)/8 - 60/80. Let r be 12/v - 42/(-9). Suppose -3*f - r*u = -122, -f - 2*u = -u - 40. What is the tens digit of f?
3
Let n be -1*(2 - 5) - 3. Let o(x) = x**3 - 2*x**2 - 3*x + 3. Let h be o(n). What is the units digit of 13/(-1)*h/(-3)?
3
Let i(u) = -u**2 + 12*u - 27. Let h be i(7). Suppose w + 4 - 73 = 0. Let q = w + h. What is the units digit of q?
7
Let i(b) be the third derivative of b**6/60 - 7*b**5/30 + 11*b**4/24 - 17*b**3/6 - b**2 - 12. What is the units digit of i(10)?
3
Let y(v) = -v**2 + 32*v + 18. Let r = 98 + -89. What is the units digit of y(r)?
5
Let k be 223/2 + (-4 - 9/(-2)). Suppose x + k = -22. Let h = -51 - x. What is the units digit of h?
3
Suppose -18*d = -13*d - 470. Let h = d - 132. Let m = h + 55. What is the units digit of m?
7
Let q(a) = 4*a**2 - 11*a - 46. What is the units digit of q(-9)?
7
Suppose 64*n - 125263 = 84401. What is the hundreds digit of n?
2
Let x(y) = -13*y**2 + 11*y + 23*y**2 - 3*y + 5*y**2 - 21. What is the units digit of x(-6)?
1
Suppose 94*w - 72*w - 44 = 0. Let f(b) = 97*b**3 + b**2 - 11*b + 16. What is the units digit of f(w)?
4
Let y = 6485 + 802. What is the thousands digit of y?
7
Let y(i) = i**2 - 28*i + 141. Let m be y(19). What is the tens digit of ((-5154)/m - -7)/(6/20)?
9
Suppose -6*c + 8*c = 4. Suppose -f - 3*k + 47 = 0, 2*k - 94 = -c*f + 7*k. Let j = -17 + f. What is the tens digit of j?
3
Let o(u) = -12*u + 8171. What is the thousands digit of o(0)?
8
Let l be (0 - (-2 - -4)) + 18 + -7. Suppose -f = 5*t - 1269, -4*t + 1015 = -8*f + l*f. What is the tens digit of t?
5
Suppose 5*f + 5 = 5*x + 65, -2*f + 12 = x. Sup